{"id":67,"date":"2018-10-18T17:44:02","date_gmt":"2018-10-18T17:44:02","guid":{"rendered":"http:\/\/wcsu.wpengine.com\/committees-prc\/?page_id=67"},"modified":"2018-10-18T17:44:02","modified_gmt":"2018-10-18T17:44:02","slug":"december","status":"publish","type":"page","link":"https:\/\/www.wcsu.edu\/committees-prc\/minutes\/2017-2018\/december\/","title":{"rendered":"Minutes: December 11, 2017"},"content":{"rendered":"<p style=\"text-align: center;\">Western Connecticut State University<br \/>\nMacricostas School of Arts &amp; Sciences<br \/>\n<strong>Program Review Committee Minutes<\/strong><br \/>\nfor December 11, 2017 in WA 315<\/p>\n<p>Members Present: Jessica Eckstein, Rotua Lumbantobing, Helena Prieto (Chair), Forest Robertson, \u00c7i\u011fdem \u00dcsekes<\/p>\n<p>Members Not Present: Paul Echeverria, Rondall Khoo<\/p>\n<p>Guests Present (at various points): Pat Boily, Jim Boyle, Rob Eisenson, Shane Murphy, Albert Owino<\/p>\n<p>Meeting called to order at 3:06pm<\/p>\n<ol style=\"list-style-type: upper-roman;\">\n<li>Announcements<\/li>\n<li>Old Business\n<ol style=\"list-style-type: lower-alpha;\">\n<li>November Meeting Minutes (\u00dcsekes\/Lumbantobing, 4-0 Final Version Approved)<\/li>\n<li>World Languages &amp; Literature \u2013 Tabled February, waiting to hear revisions\/answers to questions\n<ol style=\"list-style-type: lower-roman;\">\n<li>Proposal to align 14 courses with IL competency, don\u2019t include SPA 110 and 111 (CD1718041)<\/li>\n<\/ol>\n<\/li>\n<li>Social Sciences \u2013 Tabled to February, waiting to hear revisions\/answers to questions\n<ol style=\"list-style-type: lower-roman;\">\n<li>ANT\/SOC Major changes (CD1718017)<\/li>\n<li>SS Major changes (CD1718018)<\/li>\n<\/ol>\n<\/li>\n<li>Biological and Environmental Sciences (Eckstein\/Prieto, 4-0 Approved with 2 revisions to be sent)\n<ol style=\"list-style-type: lower-roman;\">\n<li>New course: BIO 3XX Neuroscience (CD1718034) (Pat Boily)\n<ol>\n<li>Provided BIO electives course rotation (will be uploaded to Sharepoint by PRC Chair with approval, with previous enrollments to demonstrate faculty availabilities to teach with current resources.<\/li>\n<li>Need an Assessment Statement \u2013 \u201cCourse assessment tools may include exams, quizzes, and written reports. A standard grading schema A-G will be used.\u201d<\/li>\n<\/ol>\n<\/li>\n<\/ol>\n<\/li>\n<\/ol>\n<\/li>\n<li>New Business\n<ol style=\"list-style-type: lower-alpha;\">\n<li>Physics, Astronomy, &amp; Meteorology\n<ol style=\"list-style-type: lower-roman;\">\n<li>Align PHY170 Electronics with SI competency (CD1718068, Jim Boyle) (\u00dcsekes\/Lumbantobing, 4-0 Approved with revision to be sent)\n<ol>\n<li>Paste standard SI Competency statement into document<\/li>\n<\/ol>\n<\/li>\n<li>New course MTR 2XX: Practicum in Weathercasting (CD1718064, Rob Eisenson) (Eckstein\/Prieto, 4-0 Approved with revision to be sent)\n<ol>\n<li>Eisenson noted (and will add statement to the effect of): \u201cno impact on other electives students can choose from within MTR courses, as faculty can easily cover course offering with existing staff\u201d<\/li>\n<\/ol>\n<\/li>\n<li>Align MTR150 with SI &amp; CT competencies (CD1718060, A.O. Pan) (Eckstein\/Lumbantobing, 4-0 Approved with revision to be sent)\n<ol>\n<li>Missing the standard description of each competency (SI &amp; CT) in proposal<\/li>\n<\/ol>\n<\/li>\n<\/ol>\n<\/li>\n<li>Psychology (Eckstein\/Lumbantobing, 5-0 Approved)\n<ol style=\"list-style-type: lower-roman;\">\n<li>New program M.S. in Addiction Studies (CD1718075) (Shane Murphy)<\/li>\n<\/ol>\n<\/li>\n<li>Social Sciences\n<ol style=\"list-style-type: lower-roman;\">\n<li>New course ECO 3XX: The Economics of Sport (CD1718082, Lumbantobing) (Eckstein\/Prieto, Motion to Table until February)\n<ol>\n<li>Need course rotation, to show have staff to not need new resources<\/li>\n<\/ol>\n<\/li>\n<li>New course ANT or SOC 3XX: Ethnographic Field School (CD1718078, Hegel-Cantarella) (Eckstein\/Robertson, 0-3 Not Approved)\n<ol>\n<li>Need to re-submit with following concerns\/aspects addressed:\n<ol style=\"list-style-type: lower-alpha;\">\n<li>Need to pick ANT, not \u201cany\u201d designations<\/li>\n<li>Need department\u2019s course rotation<\/li>\n<li>Missing GenEd statements<\/li>\n<li>Missing Assessment Plan<\/li>\n<li>Frequency of offering incorrect<\/li>\n<li>Missing Grading Format<\/li>\n<li>Questions about SI Competencies included<\/li>\n<li>Specific questions about appropriateness of content\/requirements for students (e.g., homestays)<\/li>\n<\/ol>\n<\/li>\n<\/ol>\n<\/li>\n<\/ol>\n<\/li>\n<\/ol>\n<\/li>\n<\/ol>\n<p>Meeting adjourned at 4:00pm<\/p>\n<p>Submitted by J. Eckstein<\/p>\n<p>&nbsp;<\/p>\n","protected":false},"excerpt":{"rendered":"<p>Western Connecticut State University Macricostas School of Arts &amp; Sciences Program Review Committee Minutes for December 11, 2017 in WA 315 Members Present: Jessica Eckstein, Rotua Lumbantobing, Helena Prieto (Chair), Forest Robertson, \u00c7i\u011fdem \u00dcsekes Members Not Present: Paul Echeverria, Rondall &hellip;<\/p>\n","protected":false},"author":4,"featured_media":0,"parent":55,"menu_order":0,"comment_status":"closed","ping_status":"closed","template":"","meta":{"footnotes":""},"class_list":["post-67","page","type-page","status-publish","hentry"],"_links":{"self":[{"href":"https:\/\/www.wcsu.edu\/committees-prc\/wp-json\/wp\/v2\/pages\/67","targetHints":{"allow":["GET"]}}],"collection":[{"href":"https:\/\/www.wcsu.edu\/committees-prc\/wp-json\/wp\/v2\/pages"}],"about":[{"href":"https:\/\/www.wcsu.edu\/committees-prc\/wp-json\/wp\/v2\/types\/page"}],"author":[{"embeddable":true,"href":"https:\/\/www.wcsu.edu\/committees-prc\/wp-json\/wp\/v2\/users\/4"}],"replies":[{"embeddable":true,"href":"https:\/\/www.wcsu.edu\/committees-prc\/wp-json\/wp\/v2\/comments?post=67"}],"version-history":[{"count":0,"href":"https:\/\/www.wcsu.edu\/committees-prc\/wp-json\/wp\/v2\/pages\/67\/revisions"}],"up":[{"embeddable":true,"href":"https:\/\/www.wcsu.edu\/committees-prc\/wp-json\/wp\/v2\/pages\/55"}],"wp:attachment":[{"href":"https:\/\/www.wcsu.edu\/committees-prc\/wp-json\/wp\/v2\/media?parent=67"}],"curies":[{"name":"wp","href":"https:\/\/api.w.org\/{rel}","templated":true}]}}