{"id":445,"date":"2023-08-24T18:22:07","date_gmt":"2023-08-24T18:22:07","guid":{"rendered":"https:\/\/www.wcsu.edu\/english-interdisciplinary\/?page_id=445"},"modified":"2025-09-12T20:12:52","modified_gmt":"2025-09-12T20:12:52","slug":"about-the-faculty","status":"publish","type":"page","link":"https:\/\/www.wcsu.edu\/english-interdisciplinary\/about-the-faculty\/","title":{"rendered":"About the Faculty"},"content":{"rendered":"<div class=\"col-md-9\">\n<table style=\"border-collapse: collapse; width: 100%;\">\n<tbody>\n<tr>\n<td style=\"width: 100%;\">\n<h2 class=\"title wcsu-page-title\"><span style=\"font-size: 10pt; color: #ffffff;\"><strong><a id=\"Usekes\"><\/a>\u00dcsekes<\/strong><\/span><\/h2>\n<\/td>\n<\/tr>\n<\/tbody>\n<\/table>\n<\/div>\n<p>&nbsp;<\/p>\n<hr \/>\n<p>&nbsp;<\/p>\n<div>\n<div class=\"_rp_o5\">\n<div class=\"_rp_05 ms-border-color-neutralLight ShowConsesusSchedulingLink ShowReferenceAttachmentsLinks\">\n<div class=\"_rp_d5 _rp_c5\">\n<div role=\"document\">\n<div class=\"_rp_25\">\n<div class=\"_rp_35 ms-font-weight-regular ms-font-color-neutralDark rpHighlightAllClass rpHighlightBodyClass\">\n<div dir=\"ltr\">\n<div id=\"divtagdefaultwrapper\">\n<div>\n<p><img decoding=\"async\" class=\"alignleft wp-image-149\" src=\"https:\/\/www.wcsu.edu\/english-interdisciplinary\/wp-content\/uploads\/sites\/240\/2023\/08\/Cigdem-Usekes.jpg\" srcset=\"\" alt=\"C\u0327ig\u0306dem U\u0308sekes\" width=\"200\" height=\"200\" \/><\/p>\n<h2 class=\"title wcsu-page-title\"><strong><span style=\"font-size: 14pt;\">\u00c7i\u011fdem \u00dcsekes<br \/>\n<\/span><\/strong><strong style=\"font-size: 13px;\">Department Chair, Professor<\/strong><\/h2>\n<p><strong>Office: <\/strong>White Hall 325C<br \/>\n<strong>Phone: <\/strong>(203) 837-3294<br \/>\n<strong>Email: <\/strong><a href=\"mailto:UsekesC@wcsu.edu\">usekesc@wcsu.edu<\/a><\/p>\n<\/div>\n<div>(M.A., University of Minnesota, Duluth;\u00a0Ph.D., University of North Dakota)<\/div>\n<div><\/div>\n<div>\n<p>(M.A., University of Minnesota, Duluth;\u00a0Ph.D., University of North Dakota)<\/p>\n<p>I have published essays in the following journals, books, and encyclopedias:\u00a0<em>African American Review,<\/em>\u00a0<em>Obsidian: Literature in the African Diaspora, American Drama,\u00a0Bloom\u2019s Modern Critical Views: August Wilson,\u00a0New England Theatre Journal, Philological Review,\u00a0Dictionary of Literary Biography,\u00a0The Literary Encyclopedia<\/em>\u00a0and<em>\u00a0Contemporary Literary Criticism<\/em>. Although I started out my career as an English professor, I have also taught film courses for nearly two decades. While I spent some time as an administrator, teaching has always been my passion. I look forward to engaging students in conversations on contemporary and relevant topics. I regularly teach the following courses:<\/p>\n<ul>\n<li>HUM 190 Social Issues in Film<\/li>\n<li>HUM 213 Artificial Intelligence: Minds and Machines<\/li>\n<li>HUM 290 Science and Technology in Film<\/li>\n<li>HUM 291 Utopia and Dystopia<\/li>\n<li>HUM 292 Science and Society<\/li>\n<li>HUM 390 Interdisciplinary Approaches to the Moving Image<\/li>\n<li>HUM 451 Advanced Interdisciplinary Studies<\/li>\n<\/ul>\n<p>I am firmly committed to interdisciplinarity which best helps us understand the interconnected nature of our world and its complex problems.<\/p>\n<\/div>\n<\/div>\n<\/div>\n<\/div>\n<\/div>\n<\/div>\n<\/div>\n<\/div>\n<\/div>\n<\/div>\n<p>&nbsp;<\/p>\n<hr \/>\n<div>\n<table style=\"border-collapse: collapse; width: 100%;\">\n<tbody>\n<tr>\n<td style=\"width: 100%;\"><span style=\"color: #ffffff;\"><a id=\"Levy\"><\/a>Levy<\/span><\/p>\n<p>&nbsp;<\/td>\n<\/tr>\n<\/tbody>\n<\/table>\n<\/div>\n<div><\/div>\n<p><span style=\"font-size: 14pt;\"><strong><img decoding=\"async\" class=\"alignleft wp-image-256\" src=\"https:\/\/www.wcsu.edu\/english-interdisciplinary\/wp-content\/uploads\/sites\/240\/2023\/08\/Heather-Levy-Ph.D-150x150.jpg\" alt=\"Heather Levy, Ph.D.\" width=\"200\" height=\"200\" srcset=\"https:\/\/www.wcsu.edu\/english-interdisciplinary\/wp-content\/uploads\/sites\/240\/2023\/08\/Heather-Levy-Ph.D-150x150.jpg 150w, https:\/\/www.wcsu.edu\/english-interdisciplinary\/wp-content\/uploads\/sites\/240\/2023\/08\/Heather-Levy-Ph.D-300x300.jpg 300w, https:\/\/www.wcsu.edu\/english-interdisciplinary\/wp-content\/uploads\/sites\/240\/2023\/08\/Heather-Levy-Ph.D.jpg 500w\" sizes=\"(max-width: 200px) 100vw, 200px\" \/>Heather Levy, Ph.D.<\/strong><\/span><strong><br \/>\n<\/strong>Professor of English<\/p>\n<p style=\"text-align: left;\"><strong>Office:<\/strong> White Hall 325A<br \/>\n<strong>Phone:\u00a0<\/strong>203-837-3272<br \/>\n<strong>Email:<\/strong>\u00a0<a href=\"mailto:levyh@wcsu.edu\">levyh@wcsu.edu<\/a><\/p>\n<p style=\"text-align: left;\">My research interests include LGBTQIA+ fiction, feminist literature and narratives of the sea. Current research projects include a study of abjection and maritime lyricism in the shorter fiction of Langston Hughes and resistance and abjection in Brandon Taylor\u2019s first three novels. Greyhound welfare and animal rights are so important to me.\u00a0 Hobbies include freshwater kayaking, swimming, landscape watercolors and chess with AI.<\/p>\n<p>&nbsp;<\/p>\n<hr \/>\n<div>\n<table style=\"border-collapse: collapse; width: 100%;\">\n<tbody>\n<tr>\n<td style=\"width: 100%;\"><span style=\"color: #ffffff;\"><a id=\"Taylor\"><\/a>Taylor<\/span><\/p>\n<p>&nbsp;<\/td>\n<\/tr>\n<\/tbody>\n<\/table>\n<\/div>\n<div><\/div>\n<p><span style=\"font-size: 14pt;\"><strong><img decoding=\"async\" class=\"alignleft wp-image-256\" src=\"https:\/\/www.wcsu.edu\/english-interdisciplinary\/wp-content\/uploads\/sites\/240\/2025\/09\/Kiedra-Taylor.webp\" alt=\"Kiedra B. Taylor\" width=\"200\" height=\"200\" \/>Kiedra B. Taylor<\/strong><\/span><strong><br \/>\n<\/strong>Instructor<\/p>\n<p style=\"text-align: left;\"><strong>Office:<\/strong> White Hall 325B<br \/>\n<strong>Phone:\u00a0<\/strong>203-837-3284<br \/>\n<strong>Email:<\/strong>\u00a0<a href=\"mailto:taylork@wcsu.edu\">taylork@wcsu.edu<\/a><\/p>\n<p style=\"text-align: left;\">My research interests include Black girlhood, American literature, and narratives of political resistance. Current projects explore how Black female protagonists use rage to confront injustice and reshape conversations about power and identity. I hold an M.A. from San Diego State University. I\u2019m also the founding editor of <a href=\"https:\/\/cwp.uconn.edu\/write-on-black-girl-2-2\/\" target=\"_blank\" rel=\"noopener\">Write On, Black Girl!<\/a><\/p>\n<p>&nbsp;<\/p>\n<hr \/>\n<h2 style=\"font-size: 18pt;\"><strong>Adjunct Faculty\u00a0<\/strong><\/h2>\n<div>\n<table style=\"border-collapse: collapse; width: 100%;\">\n<tbody>\n<tr>\n<td style=\"width: 100%;\"><span style=\"font-size: 10pt; color: #ffffff;\"><strong><a id=\"Khalfi\"><\/a>Khalfi<\/strong><\/span><\/p>\n<p>&nbsp;<\/td>\n<\/tr>\n<\/tbody>\n<\/table>\n<\/div>\n<div><\/div>\n<div>\n<p><span style=\"font-size: 14pt;\"><strong><img loading=\"lazy\" decoding=\"async\" class=\"alignleft wp-image-272\" src=\"https:\/\/www.wcsu.edu\/english-interdisciplinary\/wp-content\/uploads\/sites\/240\/2023\/08\/Hamid-El-Khalfi-150x150.jpg\" alt=\"Hamid El Khalfi\" width=\"200\" height=\"200\" srcset=\"https:\/\/www.wcsu.edu\/english-interdisciplinary\/wp-content\/uploads\/sites\/240\/2023\/08\/Hamid-El-Khalfi-150x150.jpg 150w, https:\/\/www.wcsu.edu\/english-interdisciplinary\/wp-content\/uploads\/sites\/240\/2023\/08\/Hamid-El-Khalfi-300x300.jpg 300w, https:\/\/www.wcsu.edu\/english-interdisciplinary\/wp-content\/uploads\/sites\/240\/2023\/08\/Hamid-El-Khalfi.jpg 500w\" sizes=\"(max-width: 200px) 100vw, 200px\" \/><a id=\"El-Khalfi\"><\/a>Hamid El Khalfi<\/strong><\/span><\/p>\n<p><strong>Office: <\/strong>White Hall 125<strong><br \/>\nEmail<\/strong>:\u00a0<a href=\"mailto:elkhalfih@wcsu.edu\">elkhalfih@wcsu.edu<\/a><\/p>\n<p>Dr. Hamid El Khalfi holds a Ph.D.\u00a0 in Literature (English and French Drama), Master of Arts (M.A.) in Drama in addition to a Postgraduate Certificate in Literature from the University of Essex, England.\u00a0His doctorate has enabled him to teach across disciplines and he has taught English, English Literature, IDS (Interdisciplinary Studies), and various Language courses such as French and Arabic. His credentials in Literature and Linguistics, his multicultural background, and research interests over the past 20 years reflect his passion for communication, world languages, and different cultures.\u00a0\u00a0Alongside his teaching duties, he continues to develop courses and to give presentations on topics within all his fields of expertise.<\/p>\n<\/div>\n<p>&nbsp;<\/p>\n<p>&nbsp;<\/p>\n<div>\n<div>\n<hr \/>\n<\/div>\n<\/div>\n<p><span style=\"font-size: 10pt; color: #ffffff;\"><strong><a id=\"Klyczek\"><\/a>Klyczek<\/strong><\/span><\/p>\n<p>&nbsp;<\/p>\n<div>\n<div><strong style=\"color: #444444;\"><img loading=\"lazy\" decoding=\"async\" class=\"alignleft wp-image-422\" src=\"https:\/\/www.wcsu.edu\/english-interdisciplinary\/wp-content\/uploads\/sites\/240\/2023\/08\/John-150x150.jpg\" alt=\"John Klyczek\" width=\"200\" height=\"200\" srcset=\"https:\/\/www.wcsu.edu\/english-interdisciplinary\/wp-content\/uploads\/sites\/240\/2023\/08\/John-150x150.jpg 150w, https:\/\/www.wcsu.edu\/english-interdisciplinary\/wp-content\/uploads\/sites\/240\/2023\/08\/John-300x300.jpg 300w, https:\/\/www.wcsu.edu\/english-interdisciplinary\/wp-content\/uploads\/sites\/240\/2023\/08\/John.jpg 500w\" sizes=\"(max-width: 200px) 100vw, 200px\" \/><\/strong><\/div>\n<\/div>\n<div>\n<p><span style=\"font-size: 14pt;\"><strong>John Klyczek<\/strong><\/span><\/p>\n<p><strong>Email:<\/strong> <a href=\"mailto:klyczekj@wcsu.edu\">klyczekj@wcsu.edu<\/a><\/p>\n<p>John Klyczek holds a master\u2019s degree in English. For more than 10 years, he has taught a range of university and community college courses, including composition, rhetoric, research methods, interdisciplinary studies, literary studies, creative writing, and business writing. He has also taught an array of adult education courses, including developmental writing, fundamental reading, and GED prep classes. Klyczek also has over a decade of experience as a literacy tutor and writing center consultant.<\/p>\n<\/div>\n<p>&nbsp;<\/p>\n<p>&nbsp;<\/p>\n<p>&nbsp;<\/p>\n<div>\n<div>\n<hr \/>\n<\/div>\n<\/div>\n<p>&nbsp;<\/p>\n<div>\n<div><strong style=\"color: #444444;\"><img loading=\"lazy\" decoding=\"async\" class=\"alignleft wp-image-153\" src=\"https:\/\/www.wcsu.edu\/english-interdisciplinary\/wp-content\/uploads\/sites\/240\/2025\/02\/Mari-Lerz-web.webp\" alt=\"Mari Lerz\" width=\"200\" height=\"200\" \/><\/strong><\/div>\n<\/div>\n<div>\n<h2 class=\"title\"><span style=\"font-size: 14pt;\"><strong>Mari Lerz<\/strong><\/span><\/h2>\n<p><strong>Office: <\/strong>White Hall 125<br \/>\n<strong>Email:<\/strong> <a href=\"mailto:lerzm@wcsu.edu\">lerzm@wcsu.edu<\/a><\/p>\n<p>Mari Lerz is a 1996 graduate of WCSU with a BA in Secondary Education\/English, a Master\u2019s Degree in Education (WCSU) and a 6th Year Degree from Sacred Heart University in Educational Leadership. As former chair of the Bethel High School English Dept, she taught American Literature for 15 years and introduced the AP Language and Composition Course to BHS students. Currently, Mari serves as Assistant Principal of Bethel High and Coordinator for the WCSU\/Bethel PDS Experience, but her primary passion resides in the classroom. As an avid reader, Ms. Lerz is eager to share her love of literature with her students. Words, especially when beautifully crafted, have great power and influence over the individual and society at large<\/p>\n<\/div>\n<p>&nbsp;<\/p>\n<p>&nbsp;<\/p>\n<hr \/>\n<p>&nbsp;<\/p>\n<div>\n<div><strong style=\"color: #444444;\"><img loading=\"lazy\" decoding=\"async\" class=\"alignleft wp-image-153\" src=\"https:\/\/www.wcsu.edu\/english-interdisciplinary\/wp-content\/uploads\/sites\/240\/2025\/02\/Jeanette-Moore-web.webp\" alt=\"Jeanette Moore\" width=\"200\" height=\"200\" \/><\/strong><\/div>\n<\/div>\n<div>\n<h2 class=\"title\"><span style=\"font-size: 14pt;\"><strong>Jeanette Moore<\/strong><\/span><\/h2>\n<p><strong>Office: <\/strong>White Hall 125<br \/>\n<strong>Email:<\/strong> <a href=\"mailto:moorej@wcsu.edu\">moorej@wcsu.edu<\/a><\/p>\n<p>Jeanette Moore has been an educator for over 20 years, and adjunct professor for over a decade in many departments at WCSU. She is a published author with Carson Dellosa and Nomad Press; she works as the district-wide Literacy Specialist for public schools in Connecticut and owns Private Educational Services LLC. Dr. Moore consults with districts, schools and teachers in many states, to sharpen literacy and writing practices with students PreK through 12th grade. Her background is in elementary education, special education, and multilingual learners, as well as dyslexia research.<\/p>\n<\/div>\n<p>&nbsp;<\/p>\n<p>&nbsp;<\/p>\n<hr \/>\n<p>&nbsp;<\/p>\n<p>&nbsp;<\/p>\n<div>\n<div>\n<p><strong><span style=\"font-size: 14pt;\"><img loading=\"lazy\" decoding=\"async\" class=\"alignleft wp-image-278\" src=\"https:\/\/www.wcsu.edu\/english-interdisciplinary\/wp-content\/uploads\/sites\/240\/2025\/03\/lynne-paris-purtle-web.webp\" alt=\"Lynne Paris-Purtle\" width=\"200\" height=\"200\" \/>Lynne Paris-Purtle<\/span><\/strong><\/p>\n<p><strong>Office: <\/strong>White Hall 125<strong><br \/>\nEmail:\u00a0<\/strong><a href=\"mailto:parispurtlel@wcsu.edu\">parispurtlel@wcsu.edu<\/a><\/p>\n<p>Lynne Paris-Purtle, MFA, MA is the author of Eggsistentialism: What I Learned about Life from Chickens, a memoir; Dragonfly Wings and The Hole in the Sky, poetry chapbooks; and Seizure Lady, Psycho Man and the Jersey Boys, a collection of humorous essays. She has had poetry published in Poor Yorick Literary Journal and essays published on the humorist Dave Fox\u2019s blog Globejotting. She teaches writing and literature at Western Connecticut State University and Naugatuck Valley Community College.<\/p>\n<\/div>\n<\/div>\n<p>&nbsp;<\/p>\n<p>&nbsp;<\/p>\n<hr \/>\n<p><span style=\"font-size: 10pt; color: #ffffff;\"><strong><a id=\"Troetti\"><\/a>Troetti<\/strong><\/span><\/p>\n<p>&nbsp;<\/p>\n<div>\n<div>\n<p><strong><span style=\"font-size: 14pt;\"><img loading=\"lazy\" decoding=\"async\" class=\"alignleft wp-image-278\" src=\"https:\/\/www.wcsu.edu\/english-interdisciplinary\/wp-content\/uploads\/sites\/240\/2023\/08\/Danielle-Troetti-150x150.jpg\" alt=\"Danielle Troetti\" width=\"200\" height=\"200\" srcset=\"https:\/\/www.wcsu.edu\/english-interdisciplinary\/wp-content\/uploads\/sites\/240\/2023\/08\/Danielle-Troetti-150x150.jpg 150w, https:\/\/www.wcsu.edu\/english-interdisciplinary\/wp-content\/uploads\/sites\/240\/2023\/08\/Danielle-Troetti-300x300.jpg 300w, https:\/\/www.wcsu.edu\/english-interdisciplinary\/wp-content\/uploads\/sites\/240\/2023\/08\/Danielle-Troetti.jpg 500w\" sizes=\"(max-width: 200px) 100vw, 200px\" \/>Danielle Troetti<\/span><\/strong><\/p>\n<p><strong>Office: <\/strong>White Hall 125<strong><br \/>\nEmail:\u00a0<\/strong><a href=\"mailto:troettid@wcsu.edu\">troettid@wcsu.edu<\/a><\/p>\n<p>Danielle Troetti, MA, believes deeply in education as activism for social justice. She has been teaching \u201cSecondary English Methods\u201d and \u201cTeaching Literature in Schools\u201d through WCSU\u2019s English and Education departments since 20212, but the majority of her professional time is spent at Bethel High School where she has worked as an English Teacher, interventionist, literacy specialist, and instructional coach since the last millennium. Her service on district-wide teams as well as adjuncting at WCSU has provided her with experience ranging from preschool through graduate school levels; she is grateful for the perspective that has bestowed up her a teacher, mother, and advocate for learners of all ages. She presented on summer reading at the CT Reading Association Conference, but relishes in and discusses reading year-round with all who will indulge her (especially reluctant students).<\/p>\n<\/div>\n<\/div>\n<p>&nbsp;<\/p>\n<p>&nbsp;<\/p>\n","protected":false},"excerpt":{"rendered":"<p>\u00dcsekes &nbsp; &nbsp; \u00c7i\u011fdem \u00dcsekes Department Chair, Professor Office: White Hall 325C Phone: (203) 837-3294 Email: usekesc@wcsu.edu (M.A., University of Minnesota, Duluth;\u00a0Ph.D., University of North Dakota) (M.A., University of Minnesota, Duluth;\u00a0Ph.D., University of North Dakota) I have published essays in &hellip;<\/p>\n","protected":false},"author":198,"featured_media":0,"parent":0,"menu_order":0,"comment_status":"closed","ping_status":"closed","template":"left-navigation.php","meta":{"footnotes":""},"class_list":["post-445","page","type-page","status-publish","hentry"],"_links":{"self":[{"href":"https:\/\/www.wcsu.edu\/english-interdisciplinary\/wp-json\/wp\/v2\/pages\/445","targetHints":{"allow":["GET"]}}],"collection":[{"href":"https:\/\/www.wcsu.edu\/english-interdisciplinary\/wp-json\/wp\/v2\/pages"}],"about":[{"href":"https:\/\/www.wcsu.edu\/english-interdisciplinary\/wp-json\/wp\/v2\/types\/page"}],"author":[{"embeddable":true,"href":"https:\/\/www.wcsu.edu\/english-interdisciplinary\/wp-json\/wp\/v2\/users\/198"}],"replies":[{"embeddable":true,"href":"https:\/\/www.wcsu.edu\/english-interdisciplinary\/wp-json\/wp\/v2\/comments?post=445"}],"version-history":[{"count":0,"href":"https:\/\/www.wcsu.edu\/english-interdisciplinary\/wp-json\/wp\/v2\/pages\/445\/revisions"}],"wp:attachment":[{"href":"https:\/\/www.wcsu.edu\/english-interdisciplinary\/wp-json\/wp\/v2\/media?parent=445"}],"curies":[{"name":"wp","href":"https:\/\/api.w.org\/{rel}","templated":true}]}}