{"id":2149,"date":"2024-03-14T20:41:44","date_gmt":"2024-03-14T20:41:44","guid":{"rendered":"https:\/\/www.wcsu.edu\/stem\/?page_id=2149"},"modified":"2024-03-14T20:42:44","modified_gmt":"2024-03-14T20:42:44","slug":"ell-spanish-teacher-resources","status":"publish","type":"page","link":"https:\/\/www.wcsu.edu\/stem\/at-home-education\/at-home-education-2\/ell-spanish-teacher-resources\/","title":{"rendered":"ELL-Spanish Teacher Resources"},"content":{"rendered":"<p style=\"text-align: center\"><span style=\"font-size: 24pt;color: #000080\">Below are watershed science resources for ESL and Spanish teachers and their students.<\/span><\/p>\n<p><img loading=\"lazy\" decoding=\"async\" class=\" wp-image-2145 aligncenter\" src=\"https:\/\/www.wcsu.edu\/stem\/wp-content\/uploads\/sites\/155\/2024\/03\/noaa-planetstewards-300x69.jpg\" alt=\"\" width=\"417\" height=\"96\" srcset=\"https:\/\/www.wcsu.edu\/stem\/wp-content\/uploads\/sites\/155\/2024\/03\/noaa-planetstewards-300x69.jpg 300w, https:\/\/www.wcsu.edu\/stem\/wp-content\/uploads\/sites\/155\/2024\/03\/noaa-planetstewards.jpg 559w\" sizes=\"auto, (max-width: 417px) 100vw, 417px\" \/><\/p>\n<p>&nbsp;<\/p>\n<p style=\"text-align: center\"><span style=\"font-size: 14pt\" data-ogsc=\"rgb(70, 70, 70)\">The NOAA Planet Stewards Book Club welcomes all to join us for two special meetings on April 16th and 24th. Both of these events will be held completely in Spanish and discuss the Spanish language version of the book:<strong><a title=\"https:\/\/nam11.safelinks.protection.outlook.com\/?url=https%3A%2F%2Flnks.gd%2Fl%2FeyJhbGciOiJIUzI1NiJ9.eyJidWxsZXRpbl9saW5rX2lkIjoxMDEsInVyaSI6ImJwMjpjbGljayIsInVybCI6Imh0dHBzOi8vd3d3LmRlbm5pc2F2ZWxhci5jb20vdGhlYmx1ZXE_dXRtX21lZGl1bT1lbWFpbCZ1dG1fc291cmNlPUdvdkRlbGl2ZXJ5IiwiYnVsbGV0aW5faWQiOiIyMDI0MDMwOC45MTUxMjE0MSJ9.KCbrW2pwFVySLFz2Sn5shpso8wcBnF92BRmWcWuTSY4%2Fs%2F1157151345%2Fbr%2F238485866372-l&amp;data=05%7C02%7Cguimaraes007%40wcsu.edu%7Ce85f2aaf9f2a4f3039e608dc44630698%7Ce1622dbc94ba48ad87bba7f28074ee3d%7C0%7C0%7C638460439305212366%7CUnknown%7CTWFpbGZsb3d8eyJWIjoiMC4wLjAwMDAiLCJQIjoiV2luMzIiLCJBTiI6Ik1haWwiLCJXVCI6Mn0%3D%7C0%7C%7C%7C&amp;sdata=elLMpvYCgcgtMQ9xCfEskricKs%2FDWrabuZNNv4GmUQc%3D&amp;reserved=0\" href=\"https:\/\/nam11.safelinks.protection.outlook.com\/?url=https%3A%2F%2Flnks.gd%2Fl%2FeyJhbGciOiJIUzI1NiJ9.eyJidWxsZXRpbl9saW5rX2lkIjoxMDEsInVyaSI6ImJwMjpjbGljayIsInVybCI6Imh0dHBzOi8vd3d3LmRlbm5pc2F2ZWxhci5jb20vdGhlYmx1ZXE_dXRtX21lZGl1bT1lbWFpbCZ1dG1fc291cmNlPUdvdkRlbGl2ZXJ5IiwiYnVsbGV0aW5faWQiOiIyMDI0MDMwOC45MTUxMjE0MSJ9.KCbrW2pwFVySLFz2Sn5shpso8wcBnF92BRmWcWuTSY4%2Fs%2F1157151345%2Fbr%2F238485866372-l&amp;data=05%7C02%7Cguimaraes007%40wcsu.edu%7Ce85f2aaf9f2a4f3039e608dc44630698%7Ce1622dbc94ba48ad87bba7f28074ee3d%7C0%7C0%7C638460439305212366%7CUnknown%7CTWFpbGZsb3d8eyJWIjoiMC4wLjAwMDAiLCJQIjoiV2luMzIiLCJBTiI6Ik1haWwiLCJXVCI6Mn0%3D%7C0%7C%7C%7C&amp;sdata=elLMpvYCgcgtMQ9xCfEskricKs%2FDWrabuZNNv4GmUQc%3D&amp;reserved=0\" target=\"_blank\" rel=\"noopener\" data-ogsc=\"\" data-outlook-id=\"c09b67c4-795d-4c6c-b444-58b702cdf357\">The Blue Quetzal<\/a>. <\/strong>A full description is below in Spanish.\u00a0<\/span><\/p>\n<p>&nbsp;<\/p>\n<p><img loading=\"lazy\" decoding=\"async\" class=\"size-medium wp-image-2150 alignleft\" src=\"https:\/\/www.wcsu.edu\/stem\/wp-content\/uploads\/sites\/155\/2024\/03\/the-blue-q_original-191x300.jpg\" alt=\"\" width=\"191\" height=\"300\" srcset=\"https:\/\/www.wcsu.edu\/stem\/wp-content\/uploads\/sites\/155\/2024\/03\/the-blue-q_original-191x300.jpg 191w, https:\/\/www.wcsu.edu\/stem\/wp-content\/uploads\/sites\/155\/2024\/03\/the-blue-q_original.jpg 236w\" sizes=\"auto, (max-width: 191px) 100vw, 191px\" \/><\/p>\n<h1><span data-ogsc=\"rgb(50, 50, 50)\"><a href=\"https:\/\/nam11.safelinks.protection.outlook.com\/?url=https%3A%2F%2Flnks.gd%2Fl%2FeyJhbGciOiJIUzI1NiJ9.eyJidWxsZXRpbl9saW5rX2lkIjoxMDUsInVyaSI6ImJwMjpjbGljayIsInVybCI6Imh0dHBzOi8vd3d3LmVscXVldHphbGF6dWwuY29tL2xhbm92ZWxhP3V0bV9tZWRpdW09ZW1haWwmdXRtX3NvdXJjZT1Hb3ZEZWxpdmVyeSIsImJ1bGxldGluX2lkIjoiMjAyNDAzMDguOTE1MTIxNDEifQ.Bi0-BwmDW-HcJZahDOc6HcwzWvL1QgDBOC_DikqJ9Sw%2Fs%2F1157151345%2Fbr%2F238485866372-l&amp;data=05%7C02%7Cguimaraes007%40wcsu.edu%7Ce85f2aaf9f2a4f3039e608dc44630698%7Ce1622dbc94ba48ad87bba7f28074ee3d%7C0%7C0%7C638460439305246275%7CUnknown%7CTWFpbGZsb3d8eyJWIjoiMC4wLjAwMDAiLCJQIjoiV2luMzIiLCJBTiI6Ik1haWwiLCJXVCI6Mn0%3D%7C0%7C%7C%7C&amp;sdata=I%2F2lqo2jsfDlxLu9a0yDgH49KUI0CaVXhCqgiKySSuY%3D&amp;reserved=0\" data-ogsc=\"\" data-outlook-id=\"5156f547-a31b-4fd7-a4cf-26fd713b2c2b\">El Quetzal Azul<\/a><\/span><\/h1>\n<h3><span style=\"font-size: 12pt\"><strong>16 de abril, y el 24 de abril, 2024<\/strong><\/span><span style=\"font-size: 12pt\" data-ogsc=\"rgb(70, 70, 70)\">\u00a0<\/span><\/h3>\n<h3><span style=\"font-size: 12pt\"><strong>Hora: <\/strong>7:00 PM Hora del Este<\/span><\/h3>\n<h3><span style=\"font-size: 12pt\"><strong>Acceso a la videollamada:\u00a0<u><a href=\"https:\/\/nam11.safelinks.protection.outlook.com\/?url=https%3A%2F%2Flnks.gd%2Fl%2FeyJhbGciOiJIUzI1NiJ9.eyJidWxsZXRpbl9saW5rX2lkIjoxMDYsInVyaSI6ImJwMjpjbGljayIsInVybCI6Imh0dHBzOi8vbWVldC5nb29nbGUuY29tL3duZi13dXhtLWRvbT91dG1fbWVkaXVtPWVtYWlsJnV0bV9zb3VyY2U9R292RGVsaXZlcnkiLCJidWxsZXRpbl9pZCI6IjIwMjQwMzA4LjkxNTEyMTQxIn0.70Gn_b6evkrCdK9N0p2HPPpwi8fyjnBJfUGHSu0Arvk%2Fs%2F1157151345%2Fbr%2F238485866372-l&amp;data=05%7C02%7Cguimaraes007%40wcsu.edu%7Ce85f2aaf9f2a4f3039e608dc44630698%7Ce1622dbc94ba48ad87bba7f28074ee3d%7C0%7C0%7C638460439305258510%7CUnknown%7CTWFpbGZsb3d8eyJWIjoiMC4wLjAwMDAiLCJQIjoiV2luMzIiLCJBTiI6Ik1haWwiLCJXVCI6Mn0%3D%7C0%7C%7C%7C&amp;sdata=6E3XHXJFkeef9WHA8T7DQ4bPxg0CTYCoj2oim5RyBL8%3D&amp;reserved=0\" data-ogsc=\"\" data-outlook-id=\"3c0926e2-3d0e-4b89-9d45-65e78ddda538\">meet.google.com\/wnf-wuxm-dom<\/a><\/u><\/strong><\/span><\/h3>\n<h3><span style=\"font-size: 12pt\"><strong>Llamada por tel\u00e9fono:\u00a0(\u202aUS) \u202a<a href=\"tel:+14012854760\">+1 401-285-4760<\/a><\/strong><\/span><\/h3>\n<h3><span style=\"font-size: 12pt\"><strong>Pin:\u00a0743 337 488#<\/strong><\/span><\/h3>\n<p>&nbsp;<\/p>\n<p>&nbsp;<\/p>\n<p>&nbsp;<\/p>\n<p style=\"font-weight: 400\"><span data-ogsc=\"rgb(70, 70, 70)\">\u00a1Saludos a todos! \u00a1Deseamos invitarlos a un evento muy especial, gratis y abierto a todos y en espa\u00f1ol! J\u00fantense con nosotros para una conversaci\u00f3n sobre la novela <strong><a href=\"https:\/\/nam11.safelinks.protection.outlook.com\/?url=https%3A%2F%2Flnks.gd%2Fl%2FeyJhbGciOiJIUzI1NiJ9.eyJidWxsZXRpbl9saW5rX2lkIjoxMDcsInVyaSI6ImJwMjpjbGljayIsInVybCI6Imh0dHBzOi8vd3d3LmVscXVldHphbGF6dWwuY29tL2xhbm92ZWxhP3V0bV9tZWRpdW09ZW1haWwmdXRtX3NvdXJjZT1Hb3ZEZWxpdmVyeSIsImJ1bGxldGluX2lkIjoiMjAyNDAzMDguOTE1MTIxNDEifQ.vX4Nw96RuXdfDrb_qU-LreaUqPBv6b34gfiCxwIGiBw%2Fs%2F1157151345%2Fbr%2F238485866372-l&amp;data=05%7C02%7Cguimaraes007%40wcsu.edu%7Ce85f2aaf9f2a4f3039e608dc44630698%7Ce1622dbc94ba48ad87bba7f28074ee3d%7C0%7C0%7C638460439305269704%7CUnknown%7CTWFpbGZsb3d8eyJWIjoiMC4wLjAwMDAiLCJQIjoiV2luMzIiLCJBTiI6Ik1haWwiLCJXVCI6Mn0%3D%7C0%7C%7C%7C&amp;sdata=co%2B3dKevg7%2FlKp0eOYBOaeBW%2FRZdJAYjrNWqfQfSTp8%3D&amp;reserved=0\" data-ogsc=\"\" data-outlook-id=\"69493007-9a14-48d8-af29-0c5aae8f3570\">El Quetzal Azul<\/a><\/strong> \u2013 una historia inolvidable escrita para lectores de todas edades. El autor estar\u00e1 presente con nosotros durante dos noches: <strong>el martes 16 de abril, y el mi\u00e9rcoles 24 de abril, las dos noches a las 7:00 PM (hora del este)<\/strong>. Escojan la fecha que m\u00e1s les convenga y est\u00e9n listos para aprender m\u00e1s de una historia que jam\u00e1s olvidar\u00e1n. \u00a1Todos son bienvenidos a este evento virtual!<\/span><\/p>\n<p style=\"font-weight: 400\"><span data-ogsc=\"rgb(70, 70, 70)\">\u00bfDe que se trata El Quetzal Azul?<\/span><\/p>\n<p style=\"font-weight: 400\"><span data-ogsc=\"rgb(70, 70, 70)\">El equilibrio natural del mundo est\u00e1 en peligro. Los seres responsables del bienestar de nuestro planeta fueron obligados a seguir las \u00f3rdenes ego\u00edstas de un poderoso l\u00edder, quien est\u00e1 dispuesto a destruirlo todo para restaurar lo que fue robado del ecosistema natural.<\/span><\/p>\n<p style=\"font-weight: 400\"><strong><span data-ogsc=\"rgb(70, 70, 70)\">\u00a1No se lo pierdan!<\/span><\/strong><\/p>\n<p style=\"font-weight: 400\"><span data-ogsc=\"rgb(70, 70, 70)\"><a href=\"https:\/\/nam11.safelinks.protection.outlook.com\/?url=https%3A%2F%2Flnks.gd%2Fl%2FeyJhbGciOiJIUzI1NiJ9.eyJidWxsZXRpbl9saW5rX2lkIjoxMDgsInVyaSI6ImJwMjpjbGljayIsInVybCI6Imh0dHBzOi8vb2NlYW5zZXJ2aWNlLm5vYWEuZ292L2VkdWNhdGlvbi9wbGFuZXQtc3Rld2FyZHMvdXBjb21pbmcuaHRtbD91dG1fbWVkaXVtPWVtYWlsJnV0bV9zb3VyY2U9R292RGVsaXZlcnkiLCJidWxsZXRpbl9pZCI6IjIwMjQwMzA4LjkxNTEyMTQxIn0.xb6nCA01p0ect35UK03aMWHXRxCB3vSffgbrwefwbO8%2Fs%2F1157151345%2Fbr%2F238485866372-l&amp;data=05%7C02%7Cguimaraes007%40wcsu.edu%7Ce85f2aaf9f2a4f3039e608dc44630698%7Ce1622dbc94ba48ad87bba7f28074ee3d%7C0%7C0%7C638460439305278668%7CUnknown%7CTWFpbGZsb3d8eyJWIjoiMC4wLjAwMDAiLCJQIjoiV2luMzIiLCJBTiI6Ik1haWwiLCJXVCI6Mn0%3D%7C0%7C%7C%7C&amp;sdata=RwhWcBVVh0ffjbwW1xX3AAd4EXgyJa7oc5%2FEAgAC6Hc%3D&amp;reserved=0\" data-ogsc=\"\" data-outlook-id=\"9a6a07f6-9249-4e4a-9b63-cc4808337540\">En la p\u00e1gina de pr\u00f3ximos eventos de NOAA Planet Stewards<\/a> se publica una descripci\u00f3n completa del libro, la informaci\u00f3n de inicio de sesi\u00f3n de la reuni\u00f3n, las preguntas de discusi\u00f3n y las fechas y selecciones para todo el a\u00f1o acad\u00e9mico 2023-2024.<\/span><\/p>\n<p style=\"font-weight: 400\"><span data-ogsc=\"rgb(70, 70, 70)\">Las preguntas de discusi\u00f3n para el evento se publican a continuaci\u00f3n.<\/span><\/p>\n<p style=\"font-weight: 400\"><span data-ogsc=\"rgb(70, 70, 70)\">Esperamos que se una a nosotros y hable sobre &#8220;El Quetzal Azul&#8221; con Dennis Avelar en la reuni\u00f3n. Recuerde, no es necesario haber le\u00eddo el libro para unirse a nosotros. \u00a1Todos son bienvenidos!<\/span><\/p>\n<p style=\"font-weight: 400\"><span data-ogsc=\"rgb(70, 70, 70)\">Vea libros previamente seleccionados y preguntas de discusi\u00f3n en nuestro <a href=\"https:\/\/nam11.safelinks.protection.outlook.com\/?url=https%3A%2F%2Flnks.gd%2Fl%2FeyJhbGciOiJIUzI1NiJ9.eyJidWxsZXRpbl9saW5rX2lkIjoxMDksInVyaSI6ImJwMjpjbGljayIsInVybCI6Imh0dHBzOi8vb2NlYW5zZXJ2aWNlLm5vYWEuZ292L2VkdWNhdGlvbi9wbGFuZXQtc3Rld2FyZHMvYm9va2NsdWIuaHRtbD91dG1fbWVkaXVtPWVtYWlsJnV0bV9zb3VyY2U9R292RGVsaXZlcnkiLCJidWxsZXRpbl9pZCI6IjIwMjQwMzA4LjkxNTEyMTQxIn0.JiusAe7Gxlj93liVdTkuElxQh2fSGGOF54s9JSmzS00%2Fs%2F1157151345%2Fbr%2F238485866372-l&amp;data=05%7C02%7Cguimaraes007%40wcsu.edu%7Ce85f2aaf9f2a4f3039e608dc44630698%7Ce1622dbc94ba48ad87bba7f28074ee3d%7C0%7C0%7C638460439305287788%7CUnknown%7CTWFpbGZsb3d8eyJWIjoiMC4wLjAwMDAiLCJQIjoiV2luMzIiLCJBTiI6Ik1haWwiLCJXVCI6Mn0%3D%7C0%7C%7C%7C&amp;sdata=Sqf3m4ZuwCl1qVeA05CPt1%2FOWzJ4Xr16tKE2nJd8wGY%3D&amp;reserved=0\" data-ogsc=\"\" data-outlook-id=\"a5c1743f-26c3-48da-82ad-d79955facbac\">Archivo del Club de lectura NOAA Planet Stewards<\/a>.<\/span><\/p>\n<p style=\"font-weight: 400\"><span data-ogsc=\"rgb(70, 70, 70)\">\u00a1Reg\u00edstrese para recibir anuncios recordatorios en la <a href=\"https:\/\/nam11.safelinks.protection.outlook.com\/?url=https%3A%2F%2Flnks.gd%2Fl%2FeyJhbGciOiJIUzI1NiJ9.eyJidWxsZXRpbl9saW5rX2lkIjoxMTAsInVyaSI6ImJwMjpjbGljayIsInVybCI6Imh0dHBzOi8vcHVibGljLmdvdmRlbGl2ZXJ5LmNvbS9hY2NvdW50cy9VU05PQUFOT1Mvc3Vic2NyaWJlci9uZXc_dG9waWNfaWQ9VVNOT0FBTk9TXzEzOSIsImJ1bGxldGluX2lkIjoiMjAyNDAzMDguOTE1MTIxNDEifQ.Dl9XOD-33pgnL6d77f87YnIMzZEvKPB_YM-Ynj69PBo%2Fs%2F1157151345%2Fbr%2F238485866372-l&amp;data=05%7C02%7Cguimaraes007%40wcsu.edu%7Ce85f2aaf9f2a4f3039e608dc44630698%7Ce1622dbc94ba48ad87bba7f28074ee3d%7C0%7C0%7C638460439305295879%7CUnknown%7CTWFpbGZsb3d8eyJWIjoiMC4wLjAwMDAiLCJQIjoiV2luMzIiLCJBTiI6Ik1haWwiLCJXVCI6Mn0%3D%7C0%7C%7C%7C&amp;sdata=lWuxO5jd59kO1qVz3HMzetrxNd1k8ms%2BiKmrxOxJa74%3D&amp;reserved=0\" data-ogsc=\"\" data-outlook-id=\"831becc6-79b8-4a12-8069-1ce60b688125\">lista de correo de NOAA Planet Stewards<\/a>!<\/span><\/p>\n<p><strong><span style=\"font-size: 14pt\" data-ogsc=\"rgb(50, 50, 50)\">Preguntas de\u00a0Discusi\u00f3n<\/span><\/strong><\/p>\n<ol>\n<li>El Quetzal Azul describe un mundo en el que las aves de la Tierra juegan un papel importante en el \u201cequilibrio natural\u201d de nuestro planeta. \u00bfC\u00f3mo se compara este mundo imaginario con la realidad que compartimos?De los miles de aves que se sabe que existen en la Tierra, \u00bfpor qu\u00e9 se eligi\u00f3 al resplandeciente quetzal como protagonista principal de la historia?<\/li>\n<li>El Alfa hizo ajustes al clima en Guatemala sin preocuparse por sus efectos en las personas que viv\u00edan all\u00ed. \u00bfHay humanos que se comportan de la misma manera? \u00bfSe te ocurre alg\u00fan ejemplo?<\/li>\n<li>\u00bfPara lectores que normalmente no se involucran en la gesti\u00f3n ambiental, podr\u00eda El Quetzal Azul inspirar los a tomar medidas? \u00bfQu\u00e9 acciones podr\u00edan inspirarse a tomar los lectores?<\/li>\n<li>Al final, Alma y Dioni deciden vivir vidas separadas. \u00bfTe sorprendi\u00f3 esto? \u00bfPor qu\u00e9 o por qu\u00e9 no?<\/li>\n<li>\u00bfPodr\u00edas utilizar este libro sobre aves con los estudiantes para ense\u00f1arles sobre el cambio clim\u00e1tico? \u00bfPor qu\u00e9 o por qu\u00e9 no? \u00bfSi es as\u00ed, c\u00f3mo?<span style=\"font-size: 24px\">\u00a0<\/span><\/li>\n<li>Aunque el libro est\u00e1 destinado a lectores de todas las edades, hay temas m\u00e1s fuertes para los lectores mayores y escenas memorables para los m\u00e1s j\u00f3venes. \u00bfC\u00f3mo discutir\u00eda la distinci\u00f3n entre realidad y ficci\u00f3n con lectores de diferentes grupos de edad?<\/li>\n<li>El libro permite a los lectores viajar a varios lugares del mundo, incluidos Guatemala, Canad\u00e1, Estados Unidos, M\u00e9xico, India, Australia, Francia, Inglaterra, Siria y la Ant\u00e1rtida. \u00bfPor qu\u00e9 crees que se eligieron estos lugares? \u00bfElegir\u00edas otros? Si es as\u00ed, \u00bfpor qu\u00e9?<\/li>\n<\/ol>\n","protected":false},"excerpt":{"rendered":"<p>Below are watershed science resources for ESL and Spanish teachers and their students. &nbsp; The NOAA Planet Stewards Book Club welcomes all to join us for two special meetings on April 16th and 24th. Both of these events will be &hellip;<\/p>\n","protected":false},"author":377,"featured_media":0,"parent":1515,"menu_order":0,"comment_status":"closed","ping_status":"closed","template":"","meta":{"footnotes":""},"class_list":["post-2149","page","type-page","status-publish","hentry"],"_links":{"self":[{"href":"https:\/\/www.wcsu.edu\/stem\/wp-json\/wp\/v2\/pages\/2149","targetHints":{"allow":["GET"]}}],"collection":[{"href":"https:\/\/www.wcsu.edu\/stem\/wp-json\/wp\/v2\/pages"}],"about":[{"href":"https:\/\/www.wcsu.edu\/stem\/wp-json\/wp\/v2\/types\/page"}],"author":[{"embeddable":true,"href":"https:\/\/www.wcsu.edu\/stem\/wp-json\/wp\/v2\/users\/377"}],"replies":[{"embeddable":true,"href":"https:\/\/www.wcsu.edu\/stem\/wp-json\/wp\/v2\/comments?post=2149"}],"version-history":[{"count":0,"href":"https:\/\/www.wcsu.edu\/stem\/wp-json\/wp\/v2\/pages\/2149\/revisions"}],"up":[{"embeddable":true,"href":"https:\/\/www.wcsu.edu\/stem\/wp-json\/wp\/v2\/pages\/1515"}],"wp:attachment":[{"href":"https:\/\/www.wcsu.edu\/stem\/wp-json\/wp\/v2\/media?parent=2149"}],"curies":[{"name":"wp","href":"https:\/\/api.w.org\/{rel}","templated":true}]}}